 -r**3 + 4*r**2 - r + 4. Calculate p(w).
0
Let d(o) be the first derivative of 0*o - 1/60*o**5 + 16/3*o**3 - 22 + 0*o**2 - 1/120*o**6 - 1/24*o**4. Let s(b) be the third derivative of d(b). Give s(-1).
-2
Let n be (-48)/32*(0 + 2/3). Let c(b) be the third derivative of 13*b**5/60 - 5*b**3/6 + 6*b**2. Let i(f) = f**2 - 1. Let s(g) = -c(g) + 4*i(g). Give s(n).
-8
Suppose 4*f - 32 = -4*d, -2*d + 2*f + 24 = d. Let n(y) = 19 - d - y**2 - 5 - 8*y - 3. Calculate n(-6).
15
Let m(u) = u**2 - 9*u + 11. Let r(c) = 8*c**3 - c**2 + 3. Let o be r(2). Suppose o = 8*l - 137. Let f = l + -17. Determine m(f).
3
Let r be (-216)/(-396)*11/1. Let q(g) = 2 + 7*g**2 + 13*g - 9*g - r*g**2. What is q(4)?
34
Let c(f) = 2*f**2 - f + 1. Suppose -15*g = -50*g. Let a(k) = -5*k - 1. Let x be a(-2). Suppose 2*r + 4 = -2*s - g, -3*r + 2*s = -x. Give c(r).
2
Let t(i) = -6*i - 1. Let f(w) be the first derivative of w**2/2 - 12*w + 46. Let b be f(27). Suppose -10*s + 9*s = 5*o - b, -3 = -o + 3*s. What is t(o)?
-19
Let j be (-7*8/(-224))/(3/4548). Let r(x) = 0*x + j - 378 + x. What is r(1)?
2
Let h(v) = 3*v + 4. Let j = 393 - 262. Let w = 128 - j. Determine h(w).
-5
Let x = -1559 + 6245/4. Let s(b) be the first derivative of 12 + x*b**4 + 1/3*b**3 + 0*b + 0*b**2. Calculate s(1).
10
Let d(q) be the third derivative of -q**5/60 - 5*q**4/12 + 14*q**3/3 + 4320*q**2. Determine d(-12).
4
Let p(t) be the second derivative of 0 + 9/2*t**2 - 4/3*t**3 + 22*t. Give p(2).
-7
Suppose -587*j + 190 + 926 + 1232 = 0. Let b(s) = 3*s**3 - 6*s**2 - 4. What is b(j)?
92
Let b(w) be the second derivative of 1/2*w**2 + 1/20*w**5 + 1/6*w**4 + 0 + 93*w - 1/3*w**3. Let r(k) = -k**3 - 4*k**2 + 4*k - 4. Let o be r(-5). What is b(o)?
2
Let w(p) be the third derivative of p**5/60 + 5*p**4/12 - 5*p**3/6 - 24*p**2 + 20*p. Calculate w(-10).
-5
Let l(h) be the second derivative of h**4/12 + 2*h**3 + 8*h**2 - 1258*h. Give l(-11).
5
Let n(l) = 3*l**3 - 3396*l - 24 + 3398*l + 23 - 49*l**3 - l**2. Determine n(1).
-46
Let s(g) = 4*g**3 - 4*g**2 - 4*g - 13. Let z(l) = 17*l**3 - 16*l**2 - 14*l - 53. Let t(j) = 13*s(j) - 3*z(j). What is t(5)?
-35
Let z(p) = 3 - 5*p + 3*p + 2*p**2 + p. Suppose -3*l = 2*t - 22, 0*l - 4*l = 8. Let d be 9 - t - 7/(21/(-6)). Give z(d).
24
Suppose 7*m = -20*m + 567. Suppose -5*y + m - 6 = 0. Let d(r) be the first derivative of 2*r**3/3 + r**2 - r + 1. Calculate d(y).
23
Let p(b) = -b**3 - 3*b**2 + 5*b + 1. Let q be (-1)/((-2 + 3)/2). Let j = q + 24. Let w be j/(-5) - (-20)/50. What is p(w)?
-3
Suppose 5*l + k = l + 87, -24 = -l + 2*k. Let m = l - 19. Let t(s) = -2 - 4*s**2 + s**m + 60*s - 32*s - 27*s. Calculate t(3).
-8
Let y(z) = 2*z**2 + 11*z - 7. Let j be ((-222)/9)/((-13)/((-117)/(-6))). Suppose -2*c + 5*r = j, -9*c - 4*r + 38 = -12*c. Calculate y(c).
-1
Let b(g) = g**2 - 32*g + 259. Suppose -19*r - 1368 = -101*r + 6*r. What is b(r)?
7
Suppose -12*o + 38 = 14. Let m(d) be the first derivative of d**4/4 - d**3 - 2*d + 57. Give m(o).
-6
Let v(m) = 31*m - 6. Let o(n) = n - 10. Let u(z) = 8*o(z) - v(z). Determine u(-3).
-5
Suppose 0 = 5*a + 3*z + 18, -3*z = -0*z - 12. Let m = -351 + 357. Let q(s) = s**3 + m*s**2 + 94 + 95 - 186. Calculate q(a).
3
Let h(p) = -p**3 + 7*p**2 + 3*p. Let g be h(7). Let t be 4/(-6) + 119/g + -5. Let k be 1 - (-3 + 0 + 0 + t). Let x(a) = -2*a**2 + 4*a + 4. Calculate x(k).
-12
Let t(h) be the third derivative of -h**5/60 + 4*h**3/3 - 78*h**2 + 2*h. Determine t(-4).
-8
Let n(f) = -104844*f + f**2 - 38 + 209689*f - 104848*f. Give n(0).
-38
Let u(s) = -585*s - 4089. Let v be u(-7). Let n(k) = k**2 - 4*k - 2. Give n(v).
10
Let d = 62 - 66. Let h(r) = r**3 - 9*r**2 - 11*r + 4. Let a be h(10). Let z be a/d*(-7 - -5). Let c(v) = -v**3 - 2*v**2 + 3*v + 2. Determine c(z).
2
Let g(h) = -1868*h - 1899*h + 3884*h + 177 + 2*h**2. What is g(-57)?
6
Let c(r) = -r**2 - 6*r - 3. Let s = 86 - 122. Let z be (-12)/42 - s/21*-1. What is c(z)?
5
Let i(h) = -10*h - 9. Let y be i(-11). Let r = y - 98. Let b(z) = 7*z**3 - r*z - 4*z + 7*z**2 - 8*z**3 + 4. Give b(6).
-2
Let w(t) = -14*t**2 + 233*t - 178. Let h(v) = 5*v**2 - 83*v + 59. Let q(x) = -11*h(x) - 4*w(x). Determine q(4).
3
Let h(c) = 3*c - 13. Let t(j) = -j**3 + 139*j**2 + 3*j - 420. Let d be t(139). Calculate h(d).
-22
Let n(f) = -f**2 + 13*f - 3. Let x be n(12). Let c be ((-1 - x)/10)/((-1)/3). Let m(u) = -2*u**2 + 3*u + 2. Give m(c).
-7
Let k(u) = -3*u + 52. Let b be k(16). Let o be (-2)/b - 133/14. Let m be (-6)/o + (-72)/20 + 3. Let h(q) = -q**3 - q - 1. Give h(m).
-1
Let x(i) = i**3 + 2*i**2 + 2. Let s be x(-2). Suppose -65 = 2*l - 59. Let w(a) = -12*a - 2. Let h(f) = -17*f - 3. Let g(z) = l*w(z) + 2*h(z). Determine g(s).
4
Let m(x) = 18*x + 2303 - 1145 - 1149 - 16*x. Suppose -2 = k + 4. What is m(k)?
-3
Let t be -1*(4 - 7)*(0 + 2). Let d(q) = -q**3 + 5*q**2 + 6*q - 15. Calculate d(t).
-15
Let w(i) be the second derivative of 2*i**3/3 - 29*i + 3. What is w(-3)?
-12
Let j(p) = p**3 + 5. Let f(l) = 5*l**3 + 16*l**2 - l + 10. Let u(b) = f(b) - 6*j(b). Calculate u(16).
-36
Let k(h) be the second derivative of h**3/6 - 2*h**2 + h - 23. Suppose -4*l = -8, -2*i - 3*l + l = -14. What is k(i)?
1
Let b(w) = 7*w**2 - 8*w - 32. Let t(a) = 20*a**2 - 22*a - 92. Let o(n) = 17*b(n) - 6*t(n). Let h(d) = -3*d + 1. Let l be h(3). Give o(l).
-24
Let l(g) = 6*g**3 + 6*g**2 + 7*g + 11. Suppose w = -3*w - 16. Let k(o) = 5*o**3 + 20 + 6*o + 28 - 73 + 6*o**2 + 35. Let c(h) = w*l(h) + 5*k(h). What is c(-6)?
-6
Suppose 2*j = -3*y + 13, 2*y + 2*j - 17 = -j. Let h(a) = a + 1 - 4 - y. Let z be ((-162)/(-351))/(2/26). Give h(z).
2
Let p(q) = q**3 + 11*q**2 - 12*q + 3. Suppose 2*v = -i - 225, -5*i + 4*v - 1307 + 140 = 0. Let a be (-86)/7 - 66/i. Determine p(a).
3
Suppose -4*r + 27 = -5. Let p(m) = -8*m - 10 + 4 - r*m + 15*m. What is p(-8)?
2
Let x(k) = 5*k**3 - 106*k**2 + 23*k + 22. Let c(m) = -2*m**3 + 42*m**2 - 9*m - 8. Let f(d) = 13*c(d) + 5*x(d). Calculate f(16).
-26
Let m(u) = 5*u**2 - 18*u - 19. Let a be m(-1). Suppose 2*i = 5*j + 11, -i - a*j = i - 20. Let l(p) = -p**2 + 6*p + 2. Determine l(i).
-14
Let g(x) = 4 + 5*x + 3*x - 2*x. Let t be (-2)/(-10)*(102 - 72). Suppose t*w + 179 - 155 = 0. Calculate g(w).
-20
Let s(m) = 3*m + 23 - m + 3*m - 5*m**3 - 3*m**2 - 10. Let z(t) = -6*t**3 - 4*t**2 + 6*t + 14. Let p(d) = -5*s(d) + 4*z(d). Determine p(0).
-9
Let n(d) = -d - 5. Let v be n(-5). Let z(k) = k + v*k + 2 - 75*k**2 + 1 - 4 + 80*k**2. What is z(-2)?
17
Suppose 70599 - 70607 = -2*r. Let z(w) = -5*w**2 + 14. Give z(r).
-66
Let o be -16*(-14)/20 + (-2)/10. Let j(s) = -9 + o + 4 - 6*s. Determine j(-5).
36
Let j(t) = t**3 + 8*t**2 - 5*t - 7. Suppose -l + 3 = 3*y + 14, 2*l - 8 = 0. What is j(y)?
93
Let q(g) = -9 + 3 - 9 - 8 + 80*g - 2*g**2 - 23*g. Calculate q(29).
-52
Let o = -14 - -14. Let f(g) = -g**2 - g + 9. Let n be f(o). Let w(r) = r**3 + 3*r**2 + 2*r - r - 9 + n. What is w(-2)?
2
Suppose -166*t - 2168 = -674. Let j(h) = -h**3 - 4*h**2 - 6*h**2 + 11 + 2*h + h**2. What is j(t)?
-7
Let o(j) = 125*j + 11. Let g(a) = 415*a + 33. Let z(b) = 3*g(b) - 10*o(b). Calculate z(-2).
-1
Let x(l) = 29*l**3 + 46*l**2 + 63*l + 655. Let q(s) = -40*s**3 - 61*s**2 - 83*s - 873. Let w(c) = 8*q(c) + 11*x(c). Determine w(20).
1
Let m(g) = 3*g**2 + 2*g - 2. Let w = 67 - 78. Let v(b) = 9 + 10*b + 5*b**2 + 2*b - 4*b**2. Let a be v(w). Determine m(a).
6
Let w(p) = p**3 + 2*p**2 - p. Let r(z) = -5*z - 2. Let c(n) = n - 25. Let m be c(25). Let b be r(m). What is w(b)?
2
Let z(a) = -a - 385 - 378 + 772. Let t be z(1). Let h(o) = -2*o + 12. Give h(t).
-4
Let z(o) = -10 - 18 + 371*o - 21 - 392*o - 9. Determine z(-3).
5
Let x(d) = -5*d**3 + 4*d**2 - 57*d + 42. Let f(t) = -3*t**3 - t**2 - t + 9. Let c(s) = 2*f(s) - x(s). Give c(-11).
-24
Suppose -3*d + 6 = -4*r - 3, 0 = -5*d + 4*r + 15. Let p(h) = 0*h**d + 1 - 3 + 1 + 3*h**3. Suppose -8*w - 4597 + 4605 = 0. Determine p(w).
2
Let f(o) = o**2 - 6*o - 27. Suppose 2*z + 3*n = -30, 0 = 25*n - 20*n + 40. Determine f(z).
0
Let q(s) = -s**2 + 7*s + 3. Let b(j) = 2*j**2 - 15*j - 5. Let m(l) = 2*b(l) + 5*q(l). Let a be (15/6)/(1720/4128). Calculate m(a).
-1
Let n = -25326 + 25329. Let o(d) = 2*d**2 - d - 10. Determine o(n).
5
Suppose -2*j - 2*q = -j, -5*q + 75 = -5*j. Let o(f) = 2*f**2 + 7*f - 9. Give o(j).
121
Let r(l) be the third derivative